st common factor of d and 105.
15
Let l be -3*14/30*-15. Let g(k) = k**3 - 19*k**2 - 41*k - 12. Let x be g(l). Suppose -i + 36 = 3*i. Calculate the highest common factor of i and x.
9
Let u = -35 - -17. Let c(l) = 23*l + 25. Let w(g) = -46*g - 60. Let b(i) = -9*c(i) - 4*w(i). Let m be b(u). Calculate the greatest common divisor of m and 39.
39
Suppose 23*y + 22*y = 50*y - 540. What is the highest common factor of y and 84?
12
Let r = -474 + 1389. What is the greatest common factor of 60 and r?
15
Suppose 3*o - 2*t - 190 = 3*t, -3*t - 6 = 0. Let j(n) = -82*n - 387. Let k be j(-6). Calculate the highest common factor of k and o.
15
Let o = 18 - 8. Suppose -2*q - o = -4*q. Suppose -q*v - 176 = -4*l, 0*l - 2*l = 4*v - 88. Calculate the highest common factor of l and 11.
11
Let b be (-20)/6*(-9)/6. Let d(x) = -167*x - 396. Let i be d(-3). Suppose -2*z + b*z = i. Calculate the highest common divisor of 21 and z.
7
Suppose 0 = -b + 144*v - 141*v + 6, -2*b + 2*v + 36 = 0. What is the highest common factor of b and 12132?
12
Suppose 3*r - 995 = -236. Let u = -229 + r. Calculate the highest common divisor of 12 and u.
12
Let a(w) = -w**3 + 12*w**2 + 3*w + 684. Let n be a(15). Calculate the highest common factor of 3510 and n.
54
Let f = 6313 + -6151. Suppose -4*g - 1 = 7. Let p be 0 + 17 - 2/g. Calculate the greatest common divisor of p and f.
18
Suppose 0 = 22*p - 6769 - 623. Calculate the highest common divisor of p and 384.
48
Suppose 4*s + 5*h = 1471, 741 = 2*s - 7*h + 4*h. Let a = -294 + s. What is the greatest common divisor of 1200 and a?
75
Let o(g) = 4*g - 63. Let k be o(17). Suppose q = -2*v + 49, 0 = -5*q + k*v + 172 + 43. Calculate the highest common factor of q and 75.
15
Let b = -188 + 188. Suppose b = -5*q - 3*p + 1992, 10*q + 5*p = 6*q + 1604. Let k = 153 + -109. Calculate the highest common divisor of k and q.
44
Suppose 0 = 15*f - 8*f - 252. Let d(l) = 142*l + 2. Let h(t) = t. Let u(m) = d(m) + h(m). Let w be u(2). What is the highest common divisor of w and f?
36
Suppose -3*y = -5*i - y + 52, -3*i - 5*y + 25 = 0. Suppose -i*u + 408 = -9*u. What is the highest common divisor of u and 24?
24
Suppose 35*n + 70 = 83 + 197. Calculate the greatest common divisor of n and 5442.
6
Let i(q) = -36*q + 16. Let v be i(-12). Let x be 3/(9/(-21)*(-2)/8). Calculate the greatest common divisor of v and x.
28
Let c(y) = y**3 + 15*y**2 - 328*y + 43. Let z be c(-27). Calculate the greatest common divisor of z and 2.
1
Let u be 123/41 + 1388/(-6)*-3. Calculate the highest common divisor of 663 and u.
17
Let q be (18 + -11)/(-7)*-74. Let p = 269 - 195. Calculate the highest common factor of p and q.
74
Let k = 2301 + -2121. What is the highest common factor of k and 260?
20
Let m = -14 + 10. Let c be (-712)/6*6/m. Suppose -459 = -5*r - x, -c = -r - r + x. What is the greatest common factor of 13 and r?
13
Let l = -11670 - -11697. What is the highest common factor of 64 and l?
1
Suppose 4*o - 12*d - 66 = -10*d, -248 = -11*o - 4*d. Let a be ((-75)/(-12))/(3/24). Let s = a - 30. What is the highest common divisor of s and o?
20
Let m = 27 - -147. Let p = m + -160. Calculate the greatest common factor of p and 259.
7
Suppose -1136 + 6146 = 2*l + 4*m, -3*l + 7531 = -2*m. What is the greatest common factor of 5597 and l?
193
Suppose 7*l + 26 - 66 = 2*g, -g - 2 = l. What is the highest common factor of 50 and l?
2
Let x(n) = 10*n**3 - n**2 - 2*n. Let m be x(-2). Let q be 180/m*(-1312)/3. Let v = -634 + q. What is the highest common factor of v and 50?
50
Suppose 4*f = -i + 48075, 64*i - 66*i + 2*f + 96220 = 0. Calculate the highest common divisor of 11 and i.
11
Let a be 595/20 - 1*(-3)/12. Let f be ((-2)/(-10))/(6/a). Let b(h) = 18*h**3 - 2*h**2 - h + 2. Let m be b(f). What is the greatest common divisor of m and 68?
17
Let s = 3100 - -25261. Calculate the highest common factor of 359 and s.
359
Let r = 4753 - 4714. Calculate the highest common factor of 1911 and r.
39
Suppose -c = -3*x + 43, -3*x - 2*x = -2*c - 71. Suppose 9*v - x*v = -72. Suppose v + 44 = 4*l. Calculate the greatest common factor of 21 and l.
7
Let s be (1/4*4)/(1/187). Let w = -118 + 135. Calculate the highest common factor of s and w.
17
Suppose 187 = 3*h - 37*d + 38*d, -246 = -4*h - 3*d. What is the greatest common factor of h and 91?
7
Let t = 198 - 159. Suppose 0 = 2*r - 4*d - 40, 2*r - 7*d + 4*d - t = 0. Calculate the highest common factor of 6 and r.
6
Let m = 280 - 17. Let c = m + 205. Let y be (-1)/((-1)/6)*c/27. Calculate the greatest common factor of 13 and y.
13
Suppose 7*y - 22628 - 3832 = 0. Suppose 31*q - 46*q + y = 0. Calculate the greatest common factor of q and 28.
28
Suppose -8*v + 180 = -6*v + 8*v. What is the greatest common factor of 945 and v?
9
Suppose -5*d - 5*w = 1705, -5*d + 2*d - 1030 = -4*w. Let b = d + 353. What is the highest common factor of 209 and b?
11
Let g be 7 - -873 - (2*-1 - (6 - 13)). What is the greatest common factor of g and 665?
35
Suppose 0 = 759*u - 1007*u + 192696. Calculate the highest common divisor of 4921 and u.
259
Let x = 27 + -23. Suppose -3*m - 25 + 208 = -5*v, 0 = x*v. Suppose -s + 176 - m = 5*t, 0 = -5*t - 3*s + 105. Calculate the greatest common divisor of 96 and t.
24
Let u(s) = 29*s**2 - 361*s + 86. Let f be u(23). Calculate the greatest common factor of 52 and f.
52
Let i = -38 - -28. Let f be ((-4)/i)/(2/100). Let a be 56/12*(-17)/((-595)/150). What is the greatest common divisor of f and a?
20
Suppose -2*l = d - 108, 0 = 2*l - 0*l + 4. Calculate the greatest common divisor of d and 161.
7
Suppose 9*r = -9*r + 54. Suppose -r*y + v = -62, -4*y + 2*y + 50 = -5*v. Calculate the greatest common factor of y and 5.
5
Suppose -48*f - 42*f + 99*f = 4950. Calculate the greatest common divisor of f and 44.
22
Let h(w) = -2*w - 50. Let z(q) = -q**2 - q. Let p(v) = -2*h(v) - 2*z(v). Let c be p(-10). Calculate the greatest common factor of 15 and c.
15
Let r(y) = 9*y**2 + 202*y - 17. Let h be r(13). Calculate the highest common divisor of 140 and h.
70
Let l = 54 + -36. Let h be 0/(-44 - -32) - -414. Calculate the greatest common factor of l and h.
18
Suppose -295*f + 832 = -279*f. Calculate the greatest common factor of f and 28.
4
Let d be (216/(-28))/((-9)/63). What is the greatest common factor of d and 2484?
54
Suppose 0 = -26*q + 29*q - 12. Suppose -q*m - m = -20. Let r(n) = n**2 + 2*n + 6. Let p be r(0). Calculate the greatest common factor of m and p.
2
Let o = 313 + -93. Suppose -38*g - o = -48*g. What is the highest common factor of 88 and g?
22
Suppose -4*d = 5*k - 1433, -5*k + 5*d + 1296 + 119 = 0. What is the highest common factor of k and 228?
57
Let x(n) = 16*n**2 + 743*n - 5277. Let m be x(7). Let i be 12 + (2 - (1 + 1)). What is the highest common factor of m and i?
12
Suppose 125*n - 66*n = 1003. Calculate the highest common factor of 4 and n.
1
Let v be 9*(54/(-90))/((-54)/100). Calculate the greatest common divisor of v and 386.
2
Let i be -2 - 5/(10/24). Let n(b) = -3*b**3 + 4*b**2 + 8*b + 5. Let r be n(-1). Let z be r + 20/(-4) - i. Calculate the greatest common divisor of z and 52.
13
Let v = -359 - -104. Let d = -247 - v. What is the greatest common divisor of 8 and d?
8
Let c be (7 - 1) + -2 - 1. Suppose -c*v + 198 = -309. Let w = 271956 + -271943. What is the highest common divisor of v and w?
13
Suppose 78*f - 163*f + 145*f - 691740 = 0. Calculate the highest common factor of 122 and f.
61
Suppose -10 = 2*k - 42. Suppose -38 - 82 = 2*y. Let i = y + 72. What is the greatest common divisor of i and k?
4
Let f = -48644 + 48743. Suppose -3*s - 660 = -5*p, 4*p - 555 = -4*s - 27. What is the highest common factor of f and p?
33
Let c(x) = 6*x**3 - 2*x + 3*x + 4 + 4*x**2 - 3*x - x - 4*x. Let m be c(1). What is the greatest common factor of 329 and m?
7
Let m be 7 + ((-12)/16)/(12/(-7184)). What is the highest common divisor of 96 and m?
24
Let r(m) = -59*m + 11210. Let p be r(128). What is the highest common factor of p and 682?
62
Let k = 184 + -174. Suppose 0 = -k*g + 29 + 2351. Calculate the highest common factor of g and 14.
14
Let v = -9154 - -9294. Calculate the highest common divisor of 3290 and v.
70
Let t = -2732 - -2888. Calculate the highest common divisor of 247 and t.
13
Let c = 2 + 18. Suppose -5*t - 14 =